{"id":2042,"date":"2015-08-03T23:39:14","date_gmt":"2015-08-03T21:39:14","guid":{"rendered":"http:\/\/www.marcmolk.fr\/neo\/?page_id=2042&#038;lang=fr"},"modified":"2022-08-29T12:25:05","modified_gmt":"2022-08-29T10:25:05","slug":"bio","status":"publish","type":"page","link":"https:\/\/www.marcmolk.fr\/fr\/bio\/","title":{"rendered":"Bio"},"content":{"rendered":"<p>[vc_row][vc_column width=\u00a0\u00bb3\/4&Prime; css=\u00a0\u00bb.vc_custom_1455448759035{border-bottom-width: 0px !important;border-left-width: 0px !important;padding-top: 100px !important;padding-bottom: 0px !important;padding-left: 0px !important;}\u00a0\u00bb][vc_column_text]<\/p>\n<p style=\"text-align: justify;\"><strong>Marc Molk est n\u00e9 en 1972 \u00e0 Marseille.<\/strong><br \/>\n<strong>Il vit et travaille \u00e0 Paris.<\/strong><\/p>\n<p style=\"text-align: justify;\"><strong>Peintre et \u00e9crivain, il d\u00e9veloppe une \u0153uvre o\u00f9 ces deux disciplines se r\u00e9pondent et m\u00ealent autobiographie et fiction.<\/strong><\/p>\n<p>[\/vc_column_text][\/vc_column][vc_column width=\u00a0\u00bb1\/4&Prime; css=\u00a0\u00bb.vc_custom_1456166453716{border-top-width: 0px !important;border-right-width: 0px !important;border-bottom-width: 0px !important;border-left-width: 0px !important;padding-top: 0px !important;padding-right: 0px !important;padding-bottom: 0px !important;padding-left: 0px !important;}\u00a0\u00bb][vc_single_image image=\u00a0\u00bb11086&Prime;][\/vc_column][\/vc_row][vc_row][vc_column width=\u00a0\u00bb3\/4&Prime; css=\u00a0\u00bb.vc_custom_1455383721200{border-top-width: 0px !important;border-left-width: 0px !important;padding-top: 0px !important;padding-left: 0px !important;}\u00a0\u00bb][vc_column_text]<\/p>\n<p style=\"text-align: justify;\">En 1997, apr\u00e8s des \u00e9tudes litt\u00e9raires, Marc Molk obtient un DEA en Esth\u00e9tique et en Philosophie de l&rsquo;art, \u00e0 l&rsquo;Universit\u00e9 de la Sorbonne (Paris). Son m\u00e9moire, sous la direction d&rsquo;Anne Mo\u00ebglin-Delcroix, s&rsquo;intitule <em>Techniques du r\u00e9alisme dans la peinture contemporaine<\/em>. Il entreprend ensuite, sous la direction de Michel Haar, la r\u00e9daction d&rsquo;une th\u00e8se \u2014 inachev\u00e9e \u2014 sur <em>La fonction ph\u00e9nom\u00e9nologique de la repr\u00e9sentation picturale<\/em>.<\/p>\n<p style=\"text-align: justify;\">En 2006 para\u00eet <em>Pertes humaines<\/em>, son premier roman, aux \u00e9ditions Arl\u00e9a.<\/p>\n<p style=\"text-align: justify;\">Il participe dans les ann\u00e9es qui suivent \u00e0 plusieurs expositions collectives.<\/p>\n<p style=\"text-align: justify;\">En 2010, il fait partie des finalistes du Prix International de Peinture de la Fondation Guasch Coranty. Il expose au Centre d&rsquo;art Tecla Sala de Barcelone.<\/p>\n<p style=\"text-align: justify;\">En 2010 toujours, il fait partie de l&rsquo;exposition <em>Archichaos<\/em>, en compagnie de Th\u00e9o Mercier, Lucien Murat et d&rsquo;autres artistes fran\u00e7ais, \u00e0 la galerie Rove Project, \u00e0 Londres. Puis la Galeria dos Prazeres lui consacre une exposition personnelle \u00e0 Mad\u00e8re.<\/p>\n<p style=\"text-align: justify;\">En 2011, <em>Arte<\/em> l&rsquo;invite \u00e0 propos de son tableau <em>Le stade du Vel&rsquo;d&rsquo;Hiv&rsquo;<\/em> \u00e0 s&rsquo;exprimer sur la repr\u00e9sentation de la Shoah en peinture.<\/p>\n<p style=\"text-align: justify;\">En 2012, il participe au 57\u00e8me Salon de Montrouge. Une exposition personnelle lui est consacr\u00e9e \u00e0 la galerie Da-End \u00e0 Paris.<\/p>\n<p style=\"text-align: justify;\">2012 voit \u00e9galement la publication d&rsquo;une monographie consacr\u00e9e \u00e0 sa peinture, intitul\u00e9e <em>Marc Molk : Ekphrasis<\/em>, publi\u00e9e aux \u00e9ditions D-Fiction &amp; Label hypoth\u00e8se. Le lancement de ce catalogue, qui met en regard tableaux et textes d&rsquo;\u00e9crivains, a lieu \u00e0 <em>Artcurial<\/em>.<\/p>\n<p style=\"text-align: justify;\">En 2013 para\u00eet le roman <em>La Disparition du monde r\u00e9el<\/em>, dans la collection <em>Qui Vive<\/em>, aux \u00e9ditions Buchet\/Chastel.<\/p>\n<p style=\"text-align: justify;\">En 2014 para\u00eet <em>Plein la vue, la peinture regard\u00e9e autrement<\/em>, recueil de textes tr\u00e8s personnels \u00e0 propos de trente tableaux de toutes \u00e9poques admir\u00e9s librement, aux \u00e9ditions Wildproject. Le lancement du livre a lieu \u00e0 Paris au Mus\u00e9e de la Chasse et de la Nature.<\/p>\n<p style=\"text-align: justify;\">Les 30 et 31 octobre 2014, il participe au colloque <em>La Fabrique de la peinture<\/em> qui se tient au Coll\u00e8ge de France, aux c\u00f4t\u00e9s de Jeff Koons, Anne Neukamp, Damien Cadio, Jules de Balincourt, Eva Nielsen, Hernan Bas, Ch\u00e9ri Samba, Thomas L\u00e9vy-Lasne, Ida Tursic &amp; Wilfried Mille, Gregory Forstner, Glenn Brown et Am\u00e9lie Bertrand. Sa communication a pour titre <em>\u00ab\u00a0La raison sentimentale\u00a0\u00bb<\/em>.<\/p>\n<p style=\"text-align: justify;\">En 2015, <em>Arte<\/em> consacre un film \u00e0 son travail de peintre et le magazine <em>L\u2019Oeil<\/em> l&rsquo;inclut dans la s\u00e9lection de son num\u00e9ro de f\u00e9vrier intitul\u00e9 <em>\u00ab\u00a0Qui sont les peintres de demain ?\u00a0\u00bb.<\/em><\/p>\n<p>En 2016, il expose en compagnie de Ch\u00e9ri Samba et Kimiko Yoshida \u00e0 la galerie Marguerite Milin.<br \/>\n\u00ab\u00a0L&rsquo;Instance de la lettre\u00a0\u00bb pr\u00e9sente pour la premi\u00e8re fois dans leur ensemble ses calligrammes. R\u00e9alis\u00e9s pour la plupart \u00e0 partir de textes classiques ils prennent des formes sophistiqu\u00e9es de squelettes et de sexe.<\/p>\n<p>En 2017, il expose \u00e0 Berlin et Paris. Il commente dans \u00ab\u00a0Le Triomphe des images\u00a0\u00bb, un film de J\u00e9r\u00f4me Prieur consacr\u00e9 \u00e0 l&rsquo;art roman, les fresques de Vic le Nohan aux c\u00f4t\u00e9s de\u00a0Jean Wirth (Universit\u00e9 de Gen\u00e8ve), Patrick Boucheron (Coll\u00e8ge de France), J\u00e9r\u00f4me Baschet (\u00c9cole des Hautes Etudes), C\u00e9cile Voyer (Universit\u00e9 de Poitiers).<\/p>\n<p>En 2018, il r\u00e9alise plusieurs performances, entre autre lors du festival \u00ab\u00a0Extravadance\u00a0\u00bb au Centre Pompidou. Plusieurs de ses calligrammes sont inclus dans \u00ab\u00a0l&rsquo;Anthologie de la po\u00e9sie \u00e9rotique contemporaine\u00a0\u00bb publi\u00e9e aux \u00e9ditions Classiques Garnier.<\/p>\n<p>En 2019, il expose au Mus\u00e9e des Beaux-Arts de Limoges en compagnie entre autre de Charles Beaudry, Fran\u00e7ois Mendras, Ida &amp; Wilfried Mille.<\/p>\n<p>En 2020, il expose au Mus\u00e9e de la Vie Romantique \u00e0 Paris au sein de l&rsquo;exposition <em>Coeurs<\/em>. Cette exposition consacr\u00e9e au romantisme dans l&rsquo;art contemporain r\u00e9unit des oeuvres de Martine Aball\u00e9a, Pilar Albarrac\u00edn, John M. Armleder, Gilles Barbier,\u00a0Ronda Bautista, Sophie Calle, Hsia-Fei Chang, Delphine Coindet, Jim Dine,\u00a0Jacques Halbert, Oda Jaune, Ouka Leele, Philippe Mayaux, Annette Messager,\u00a0Marc Molk, Mrzyk &amp; Moriceau, Claude Nori, Vincent Olinet, Jorge Orta, Jean-Michel Othoniel, Fran\u00e7oise P\u00e9trovitch, Pierre et Gilles, Sarah Pucci, Agatha Ruiz de la Prada, Niki de Saint Phalle, Ida Tursic et Wilfried Mille, Luise Unger, Winshluss.<\/p>\n<p>Toujours en 2020, la galerie Marguerite Milin lui consacre une exposition personnelle intitul\u00e9e <em>Pour le meilleur et pour le Pire<\/em>.\u00a0L&rsquo;exposition pr\u00e9sente de nombreux calligrammes accompagn\u00e9s de grandes peintures, \u00e0 l&rsquo;instar du Mus\u00e9e de la vie Romantique qui a choisi lui aussi, en exposant deux tableaux et un calligrammes, de pr\u00e9senter le travail de Marc Molk dans sa dimension\u00a0\u00ab\u00a0rapsodique\u00a0\u00bb, \u00e0 savoir dans sa vari\u00e9t\u00e9 de mediums.<\/p>\n<p>Fran\u00e7ois Salmeron \u00e9crira \u00e0 propos de cette exposition dans <em>Le Quotidien de l&rsquo;Art<\/em> : \u00ab\u00a0Elle sonde dans toute leur complexit\u00e9 les m\u00e9andres du coeur et du tragique amoureux entre po\u00e9sie, fantaisie, visions herm\u00e9tiques et all\u00e9goriques.<\/p>\n<p>En 2021, il curate l&rsquo;exposition \u00ab\u00a0Ils ont dit oui\u00a0\u00bb qui rassemble 30 peintres de la sc\u00e8ne contemporaine fran\u00e7aise dont Philippe Mayaux, Marl\u00e8ne Mocquet, Antoine Carbonne, Eva Nielsen, Mireille Blanc, Vincent Olinet, Karine Rougier, etc.<\/p>\n<p>La m\u00eame ann\u00e9e, son exposition personnelle intitul\u00e9e \u00ab\u00a0Amourette\u00a0\u00bb \u00e0 la galerie Marguerite Milin pr\u00e9sente un ensemble de peintures en rupture totale avec son style pr\u00e9c\u00e9dent. D\u00e9ployant une esth\u00e9tique d&#8217;embl\u00e8mes, exclusivement r\u00e9alis\u00e9es sur des tondos, elles traitent toute de la question amoureuse en travaillant \u00e0 reformuler la figure de nos jours m\u00e9pris\u00e9e et d\u00e9magn\u00e9tis\u00e9e du c\u0153ur.<\/p>\n<p>Cette nouvelle peinture est pr\u00e9sent\u00e9e \u00e0 ART PARIS.<\/p>\n<p>En 2022, il participe \u00e0 plusieurs expositions collectives dont \u00ab\u00a0SALO\u00a0 X\u00bb, curat\u00e9e par Laurent Quen\u00e9hen et \u00ab\u00a0Fleurs de peaux\u00a0\u00bb \u00e0 la Galerie Meyer.<\/p>\n<p>Il curate \u00e9galement l&rsquo;exposition \u00ab\u00a0La Pyramide de Ponzi\u00a0\u00bb qui rassemble 40 peintre de la sc\u00e8ne contemporaine fran\u00e7aise dont Fran\u00e7oise P\u00e9trovitch, Am\u00e9lie Bertrand, Mathieu Cherkit, Romain Bernini, Robert Devriendt, Jean-Luc Blanc, Hugo Capron, Rapha\u00eblle Ricol, Katia Bourdarel, Laurent Proux, Elene Shatberashvili, \u00c9lodie Lesourd, etc.[\/vc_column_text][\/vc_column][vc_column width=\u00a0\u00bb1\/4&Prime; css=\u00a0\u00bb.vc_custom_1454436248228{background-image: url(http:\/\/www.marcmolk.fr\/neo\/wp-content\/uploads\/2015\/08\/fond-rayures-1sur3.jpg?id=1941) !important;}\u00a0\u00bb][vc_column_text]<div class=\"printfriendly pf-button  pf-alignleft\"><a href=\"https:\/\/www.marcmolk.fr\/fr\/bio\/?pfstyle=wp\" rel=\"nofollow\" onClick=\"pfTrackEvent('Bio'); return false;\" title=\"Printer Friendly, PDF & Email\"><img class=\"pf-button-img\" src=\"https:\/\/cdn.printfriendly.com\/buttons\/print-button-gray.png\" alt=\"Print Friendly, PDF & Email\" style=\"width: 66px;height: 24px;\"  \/><\/a><\/div>[\/vc_column_text][\/vc_column][\/vc_row]<\/p>\n","protected":false},"excerpt":{"rendered":"<p>[vc_row][vc_column width=\u00a0\u00bb3\/4&Prime; css=\u00a0\u00bb.vc_custom_1455448759035{border-bottom-width: 0px !important;border-left-width: 0px !important;padding-top: 100px !important;padding-bottom: 0px !important;padding-left: 0px !important;}\u00a0\u00bb][vc_column_text] Marc Molk est n\u00e9 en 1972 \u00e0 Marseille. Il vit et travaille \u00e0 Paris. Peintre et \u00e9crivain, il d\u00e9veloppe une \u0153uvre o\u00f9 ces deux disciplines se r\u00e9pondent et m\u00ealent autobiographie et fiction. [\/vc_column_text][\/vc_column][vc_column width=\u00a0\u00bb1\/4&Prime; css=\u00a0\u00bb.vc_custom_1456166453716{border-top-width: 0px !important;border-right-width: 0px !important;border-bottom-width: 0px !important;border-left-width: 0px [&hellip;]<\/p>\n","protected":false},"author":1,"featured_media":0,"parent":0,"menu_order":0,"comment_status":"closed","ping_status":"open","template":"","meta":[],"_links":{"self":[{"href":"https:\/\/www.marcmolk.fr\/fr\/wp-json\/wp\/v2\/pages\/2042"}],"collection":[{"href":"https:\/\/www.marcmolk.fr\/fr\/wp-json\/wp\/v2\/pages"}],"about":[{"href":"https:\/\/www.marcmolk.fr\/fr\/wp-json\/wp\/v2\/types\/page"}],"author":[{"embeddable":true,"href":"https:\/\/www.marcmolk.fr\/fr\/wp-json\/wp\/v2\/users\/1"}],"replies":[{"embeddable":true,"href":"https:\/\/www.marcmolk.fr\/fr\/wp-json\/wp\/v2\/comments?post=2042"}],"version-history":[{"count":57,"href":"https:\/\/www.marcmolk.fr\/fr\/wp-json\/wp\/v2\/pages\/2042\/revisions"}],"predecessor-version":[{"id":13471,"href":"https:\/\/www.marcmolk.fr\/fr\/wp-json\/wp\/v2\/pages\/2042\/revisions\/13471"}],"wp:attachment":[{"href":"https:\/\/www.marcmolk.fr\/fr\/wp-json\/wp\/v2\/media?parent=2042"}],"curies":[{"name":"wp","href":"https:\/\/api.w.org\/{rel}","templated":true}]}}

<p>[vc_row][vc_column width= »3/4&Prime; css= ».vc_custom_1455448759035{border-bottom-width: 0px !important;border-left-width: 0px !important;padding-top: 100px !important;padding-bottom: 0px !important;padding-left: 0px !important;} »][vc_column_text]</p>
<p style="text-align: justify;"><strong>Marc Molk est né en 1972 à Marseille.</strong><br />
<strong>Il vit et travaille à Paris.</strong></p>
<p style="text-align: justify;"><strong>Peintre et écrivain, il développe une œuvre où ces deux disciplines se répondent et mêlent autobiographie et fiction.</strong></p>
<p>[/vc_column_text][/vc_column][vc_column width= »1/4&Prime; css= ».vc_custom_1456166453716{border-top-width: 0px !important;border-right-width: 0px !important;border-bottom-width: 0px !important;border-left-width: 0px !important;padding-top: 0px !important;padding-right: 0px !important;padding-bottom: 0px !important;padding-left: 0px !important;} »][vc_single_image image= »11086&Prime;][/vc_column][/vc_row][vc_row][vc_column width= »3/4&Prime; css= ».vc_custom_1455383721200{border-top-width: 0px !important;border-left-width: 0px !important;padding-top: 0px !important;padding-left: 0px !important;} »][vc_column_text]</p>
<p style="text-align: justify;">En 1997, après des études littéraires, Marc Molk obtient un DEA en Esthétique et en Philosophie de l&rsquo;art, à l&rsquo;Université de la Sorbonne (Paris). Son mémoire, sous la direction d&rsquo;Anne Moëglin-Delcroix, s&rsquo;intitule <em>Techniques du réalisme dans la peinture contemporaine</em>. Il entreprend ensuite, sous la direction de Michel Haar, la rédaction d&rsquo;une thèse — inachevée — sur <em>La fonction phénoménologique de la représentation picturale</em>.</p>
<p style="text-align: justify;">En 2006 paraît <em>Pertes humaines</em>, son premier roman, aux éditions Arléa.</p>
<p style="text-align: justify;">Il participe dans les années qui suivent à plusieurs expositions collectives.</p>
<p style="text-align: justify;">En 2010, il fait partie des finalistes du Prix International de Peinture de la Fondation Guasch Coranty. Il expose au Centre d&rsquo;art Tecla Sala de Barcelone.</p>
<p style="text-align: justify;">En 2010 toujours, il fait partie de l&rsquo;exposition <em>Archichaos</em>, en compagnie de Théo Mercier, Lucien Murat et d&rsquo;autres artistes français, à la galerie Rove Project, à Londres. Puis la Galeria dos Prazeres lui consacre une exposition personnelle à Madère.</p>
<p style="text-align: justify;">En 2011, <em>Arte</em> l&rsquo;invite à propos de son tableau <em>Le stade du Vel&rsquo;d&rsquo;Hiv&rsquo;</em> à s&rsquo;exprimer sur la représentation de la Shoah en peinture.</p>
<p style="text-align: justify;">En 2012, il participe au 57ème Salon de Montrouge. Une exposition personnelle lui est consacrée à la galerie Da-End à Paris.</p>
<p style="text-align: justify;">2012 voit également la publication d&rsquo;une monographie consacrée à sa peinture, intitulée <em>Marc Molk : Ekphrasis</em>, publiée aux éditions D-Fiction &amp; Label hypothèse. Le lancement de ce catalogue, qui met en regard tableaux et textes d&rsquo;écrivains, a lieu à <em>Artcurial</em>.</p>
<p style="text-align: justify;">En 2013 paraît le roman <em>La Disparition du monde réel</em>, dans la collection <em>Qui Vive</em>, aux éditions Buchet/Chastel.</p>
<p style="text-align: justify;">En 2014 paraît <em>Plein la vue, la peinture regardée autrement</em>, recueil de textes très personnels à propos de trente tableaux de toutes époques admirés librement, aux éditions Wildproject. Le lancement du livre a lieu à Paris au Musée de la Chasse et de la Nature.</p>
<p style="text-align: justify;">Les 30 et 31 octobre 2014, il participe au colloque <em>La Fabrique de la peinture</em> qui se tient au Collège de France, aux côtés de Jeff Koons, Anne Neukamp, Damien Cadio, Jules de Balincourt, Eva Nielsen, Hernan Bas, Chéri Samba, Thomas Lévy-Lasne, Ida Tursic &amp; Wilfried Mille, Gregory Forstner, Glenn Brown et Amélie Bertrand. Sa communication a pour titre <em>« La raison sentimentale »</em>.</p>
<p style="text-align: justify;">En 2015, <em>Arte</em> consacre un film à son travail de peintre et le magazine <em>L’Oeil</em> l&rsquo;inclut dans la sélection de son numéro de février intitulé <em>« Qui sont les peintres de demain ? ».</em></p>
<p>En 2016, il expose en compagnie de Chéri Samba et Kimiko Yoshida à la galerie Marguerite Milin.<br />
« L&rsquo;Instance de la lettre » présente pour la première fois dans leur ensemble ses calligrammes. Réalisés pour la plupart à partir de textes classiques ils prennent des formes sophistiquées de squelettes et de sexe.</p>
<p>En 2017, il expose à Berlin et Paris. Il commente dans « Le Triomphe des images », un film de Jérôme Prieur consacré à l&rsquo;art roman, les fresques de Vic le Nohan aux côtés de Jean Wirth (Université de Genève), Patrick Boucheron (Collège de France), Jérôme Baschet (École des Hautes Etudes), Cécile Voyer (Université de Poitiers).</p>
<p>En 2018, il réalise plusieurs performances, entre autre lors du festival « Extravadance » au Centre Pompidou. Plusieurs de ses calligrammes sont inclus dans « l&rsquo;Anthologie de la poésie érotique contemporaine » publiée aux éditions Classiques Garnier.</p>
<p>En 2019, il expose au Musée des Beaux-Arts de Limoges en compagnie entre autre de Charles Beaudry, François Mendras, Ida &amp; Wilfried Mille.</p>
<p>En 2020, il expose au Musée de la Vie Romantique à Paris au sein de l&rsquo;exposition <em>Coeurs</em>. Cette exposition consacrée au romantisme dans l&rsquo;art contemporain réunit des oeuvres de Martine Aballéa, Pilar Albarracín, John M. Armleder, Gilles Barbier, Ronda Bautista, Sophie Calle, Hsia-Fei Chang, Delphine Coindet, Jim Dine, Jacques Halbert, Oda Jaune, Ouka Leele, Philippe Mayaux, Annette Messager, Marc Molk, Mrzyk &amp; Moriceau, Claude Nori, Vincent Olinet, Jorge Orta, Jean-Michel Othoniel, Françoise Pétrovitch, Pierre et Gilles, Sarah Pucci, Agatha Ruiz de la Prada, Niki de Saint Phalle, Ida Tursic et Wilfried Mille, Luise Unger, Winshluss.</p>
<p>Toujours en 2020, la galerie Marguerite Milin lui consacre une exposition personnelle intitulée <em>Pour le meilleur et pour le Pire</em>. L&rsquo;exposition présente de nombreux calligrammes accompagnés de grandes peintures, à l&rsquo;instar du Musée de la vie Romantique qui a choisi lui aussi, en exposant deux tableaux et un calligrammes, de présenter le travail de Marc Molk dans sa dimension « rapsodique », à savoir dans sa variété de mediums.</p>
<p>François Salmeron écrira à propos de cette exposition dans <em>Le Quotidien de l&rsquo;Art</em> : « Elle sonde dans toute leur complexité les méandres du coeur et du tragique amoureux entre poésie, fantaisie, visions hermétiques et allégoriques.</p>
<p>En 2021, il curate l&rsquo;exposition « Ils ont dit oui » qui rassemble 30 peintres de la scène contemporaine française dont Philippe Mayaux, Marlène Mocquet, Antoine Carbonne, Eva Nielsen, Mireille Blanc, Vincent Olinet, Karine Rougier, etc.</p>
<p>La même année, son exposition personnelle intitulée « Amourette » à la galerie Marguerite Milin présente un ensemble de peintures en rupture totale avec son style précédent. Déployant une esthétique d&#8217;emblèmes, exclusivement réalisées sur des tondos, elles traitent toute de la question amoureuse en travaillant à reformuler la figure de nos jours méprisée et démagnétisée du cœur.</p>
<p>Cette nouvelle peinture est présentée à ART PARIS.</p>
<p>En 2022, il participe à plusieurs expositions collectives dont « SALO  X», curatée par Laurent Quenéhen et « Fleurs de peaux » à la Galerie Meyer.</p>
<p>Il curate également l&rsquo;exposition « La Pyramide de Ponzi » qui rassemble 40 peintre de la scène contemporaine française dont Françoise Pétrovitch, Amélie Bertrand, Mathieu Cherkit, Romain Bernini, Robert Devriendt, Jean-Luc Blanc, Hugo Capron, Raphaëlle Ricol, Katia Bourdarel, Laurent Proux, Elene Shatberashvili, Élodie Lesourd, etc.[/vc_column_text][/vc_column][vc_column width= »1/4&Prime; css= ».vc_custom_1454436248228{background-image: url(http://www.marcmolk.fr/neo/wp-content/uploads/2015/08/fond-rayures-1sur3.jpg?id=1941) !important;} »][vc_column_text]<div class="printfriendly pf-button  pf-alignleft"><a href="https://www.marcmolk.fr/fr/bio/?pfstyle=wp" rel="nofollow" onClick="pfTrackEvent('Bio'); return false;" title="Printer Friendly, PDF & Email"><img class="pf-button-img" src="https://cdn.printfriendly.com/buttons/print-button-gray.png" alt="Print Friendly, PDF & Email" style="width: 66px;height: 24px;"  /></a></div>[/vc_column_text][/vc_column][/vc_row]</p>

<p>[vc_row][vc_column width= »3/4&Prime; css= ».vc_custom_1455448759035{border-bottom-width: 0px !important;border-left-width: 0px !important;padding-top: 100px !important;padding-bottom: 0px !important;padding-left: 0px !important;} »][vc_column_text] Marc Molk est né en 1972 à Marseille. Il vit et travaille à Paris. Peintre et écrivain, il développe une œuvre où ces deux disciplines se répondent et mêlent autobiographie et fiction. [/vc_column_text][/vc_column][vc_column width= »1/4&Prime; css= ».vc_custom_1456166453716{border-top-width: 0px !important;border-right-width: 0px !important;border-bottom-width: 0px !important;border-left-width: 0px [&hellip;]</p>
