{"id":13095,"date":"2021-02-25T20:30:04","date_gmt":"2021-02-25T19:30:04","guid":{"rendered":"http:\/\/www.marcmolk.fr\/?page_id=13095"},"modified":"2021-02-25T20:43:47","modified_gmt":"2021-02-25T19:43:47","slug":"au-fil-des-toiles-musee-des-beaux-arts-de-limoges-france","status":"publish","type":"page","link":"https:\/\/www.marcmolk.fr\/fr\/peinture\/vues-dexpositions\/au-fil-des-toiles-musee-des-beaux-arts-de-limoges-france\/","title":{"rendered":"AU FIL DES TOILES, Mus\u00e9e des beaux-arts de Limoges, France"},"content":{"rendered":"<p>[vc_row][vc_column width=\u00a0\u00bb1\/3&Prime;][vc_text_separator title=\u00a0\u00bbAU FIL DES TOILES\u00a0\u00bb subtitle=\u00a0\u00bbMus\u00e9e des Beaux-Arts de Limoges, France, 2019&Prime;][\/vc_column][vc_column width=\u00a0\u00bb2\/3&Prime; css=\u00a0\u00bb.vc_custom_1489349298908{border-top-width: 0px !important;border-right-width: 0px !important;border-bottom-width: 0px !important;border-left-width: 0px !important;padding-top: 0px !important;padding-right: 0px !important;padding-bottom: 0px !important;padding-left: 0px !important;}\u00a0\u00bb][vc_column_text]<\/p>\n<div class=\"krown-thumbnail-gallery clearfix\"><a class=\"fancybox fancybox-thumb last\" data-fancybox-group=\"gallery-1\" data-fancybox-title=\"Au fils des toiles, Mus\u00e9e des Beaux-Arts de Limoges\" href=\"https:\/\/www.marcmolk.fr\/neo\/wp-content\/uploads\/2020\/02\/61357614_2481041095260035_5117481639449985024_o.jpg\" style=\"width:100%\"><img src=\"https:\/\/www.marcmolk.fr\/neo\/wp-content\/uploads\/2020\/02\/61357614_2481041095260035_5117481639449985024_o-1296x1296.jpg\" alt=\"Au fils des toiles, Mus\u00e9e des Beaux-Arts de Limoges\" \/><\/a><a class=\"fancybox fancybox-thumb last\" data-fancybox-group=\"gallery-1\" data-fancybox-title=\"Au fils des toiles, Mus\u00e9e des Beaux-Arts de Limoges\" href=\"https:\/\/www.marcmolk.fr\/neo\/wp-content\/uploads\/2020\/02\/61038547_2481040938593384_8889982592141492224_o.jpg\" style=\"width:100%\"><img src=\"https:\/\/www.marcmolk.fr\/neo\/wp-content\/uploads\/2020\/02\/61038547_2481040938593384_8889982592141492224_o-1296x1296.jpg\" alt=\"Au fils des toiles, Mus\u00e9e des Beaux-Arts de Limoges\" \/><\/a><\/div>\n<p>[\/vc_column_text][vc_separator][vc_row_inner css=\u00a0\u00bb.vc_custom_1489354211532{border-width: 0px !important;padding: 0px !important;background-image: url(http:\/\/www.marcmolk.fr\/neo\/wp-content\/uploads\/2015\/08\/fond-rayures-1sur1.jpg?id=1447) !important;}\u00a0\u00bb][vc_column_inner width=\u00a0\u00bb1\/1&Prime;][vc_separator][\/vc_column_inner][\/vc_row_inner][vc_separator][vc_column_text]<strong>AU FIL DES TOILES<\/strong><\/p>\n<p>18 mai &gt; 26 aou\u0302t 2019<\/p>\n<p>Commissaires : Anne Lie\u0301nard (conservatrice et directrice du muse\u0301e des Beaux-Arts de Limoges) et Maribel Nadal Jove\u0301 (curatrice)<\/p>\n<p>Exposition collective<\/p>\n<p>Avec<\/p>\n<p>Ronda Bautista<br \/>\nCharlotte Beaudry<br \/>\nPierre-Charles Jacquemin<br \/>\nLucile Kessil<br \/>\nRomain Larbre<br \/>\nFran\u00e7ois Mendras<br \/>\nFederico Miro\u0301<br \/>\nIda Tursic &amp; Wilfried Mille<br \/>\nMarc Molk<\/p>\n<p>Muse\u0301e des Beaux-Arts de Limoges<br \/>\n1 Place de l\u2019\u00c9v\u00each\u00e9<br \/>\n87000 Limoges[\/vc_column_text][vc_row_inner css=\u00a0\u00bb.vc_custom_1489354211532{border-width: 0px !important;padding: 0px !important;background-image: url(http:\/\/www.marcmolk.fr\/neo\/wp-content\/uploads\/2015\/08\/fond-rayures-1sur1.jpg?id=1447) !important;}\u00a0\u00bb][vc_column_inner width=\u00a0\u00bb1\/1&Prime;][\/vc_column_inner][\/vc_row_inner][\/vc_column][\/vc_row]<\/p>\n","protected":false},"excerpt":{"rendered":"<p>[vc_row][vc_column width=\u00a0\u00bb1\/3&Prime;][vc_text_separator title=\u00a0\u00bbAU FIL DES TOILES\u00a0\u00bb subtitle=\u00a0\u00bbMus\u00e9e des Beaux-Arts de Limoges, France, 2019&Prime;][\/vc_column][vc_column width=\u00a0\u00bb2\/3&Prime; css=\u00a0\u00bb.vc_custom_1489349298908{border-top-width: 0px !important;border-right-width: 0px !important;border-bottom-width: 0px !important;border-left-width: 0px !important;padding-top: 0px !important;padding-right: 0px !important;padding-bottom: 0px !important;padding-left: 0px !important;}\u00a0\u00bb][vc_column_text] [\/vc_column_text][vc_separator][vc_row_inner css=\u00a0\u00bb.vc_custom_1489354211532{border-width: 0px !important;padding: 0px !important;background-image: url(http:\/\/www.marcmolk.fr\/neo\/wp-content\/uploads\/2015\/08\/fond-rayures-1sur1.jpg?id=1447) !important;}\u00a0\u00bb][vc_column_inner width=\u00a0\u00bb1\/1&Prime;][vc_separator][\/vc_column_inner][\/vc_row_inner][vc_separator][vc_column_text]AU FIL DES TOILES 18 mai &gt; 26 aou\u0302t 2019 Commissaires : Anne Lie\u0301nard (conservatrice et [&hellip;]<\/p>\n","protected":false},"author":1,"featured_media":0,"parent":2033,"menu_order":0,"comment_status":"closed","ping_status":"closed","template":"","meta":[],"_links":{"self":[{"href":"https:\/\/www.marcmolk.fr\/fr\/wp-json\/wp\/v2\/pages\/13095"}],"collection":[{"href":"https:\/\/www.marcmolk.fr\/fr\/wp-json\/wp\/v2\/pages"}],"about":[{"href":"https:\/\/www.marcmolk.fr\/fr\/wp-json\/wp\/v2\/types\/page"}],"author":[{"embeddable":true,"href":"https:\/\/www.marcmolk.fr\/fr\/wp-json\/wp\/v2\/users\/1"}],"replies":[{"embeddable":true,"href":"https:\/\/www.marcmolk.fr\/fr\/wp-json\/wp\/v2\/comments?post=13095"}],"version-history":[{"count":2,"href":"https:\/\/www.marcmolk.fr\/fr\/wp-json\/wp\/v2\/pages\/13095\/revisions"}],"predecessor-version":[{"id":13099,"href":"https:\/\/www.marcmolk.fr\/fr\/wp-json\/wp\/v2\/pages\/13095\/revisions\/13099"}],"up":[{"embeddable":true,"href":"https:\/\/www.marcmolk.fr\/fr\/wp-json\/wp\/v2\/pages\/2033"}],"wp:attachment":[{"href":"https:\/\/www.marcmolk.fr\/fr\/wp-json\/wp\/v2\/media?parent=13095"}],"curies":[{"name":"wp","href":"https:\/\/api.w.org\/{rel}","templated":true}]}}

AU FIL DES TOILES, Musée des beaux-arts de Limoges, France

<p>[vc_row][vc_column width= »1/3&Prime;][vc_text_separator title= »AU FIL DES TOILES » subtitle= »Musée des Beaux-Arts de Limoges, France, 2019&Prime;][/vc_column][vc_column width= »2/3&Prime; css= ».vc_custom_1489349298908{border-top-width: 0px !important;border-right-width: 0px !important;border-bottom-width: 0px !important;border-left-width: 0px !important;padding-top: 0px !important;padding-right: 0px !important;padding-bottom: 0px !important;padding-left: 0px !important;} »][vc_column_text]</p>
<div class="krown-thumbnail-gallery clearfix"><a class="fancybox fancybox-thumb last" data-fancybox-group="gallery-1" data-fancybox-title="Au fils des toiles, Musée des Beaux-Arts de Limoges" href="https://www.marcmolk.fr/neo/wp-content/uploads/2020/02/61357614_2481041095260035_5117481639449985024_o.jpg" style="width:100%"><img src="https://www.marcmolk.fr/neo/wp-content/uploads/2020/02/61357614_2481041095260035_5117481639449985024_o-1296x1296.jpg" alt="Au fils des toiles, Musée des Beaux-Arts de Limoges" /></a><a class="fancybox fancybox-thumb last" data-fancybox-group="gallery-1" data-fancybox-title="Au fils des toiles, Musée des Beaux-Arts de Limoges" href="https://www.marcmolk.fr/neo/wp-content/uploads/2020/02/61038547_2481040938593384_8889982592141492224_o.jpg" style="width:100%"><img src="https://www.marcmolk.fr/neo/wp-content/uploads/2020/02/61038547_2481040938593384_8889982592141492224_o-1296x1296.jpg" alt="Au fils des toiles, Musée des Beaux-Arts de Limoges" /></a></div>
<p>[/vc_column_text][vc_separator][vc_row_inner css= ».vc_custom_1489354211532{border-width: 0px !important;padding: 0px !important;background-image: url(http://www.marcmolk.fr/neo/wp-content/uploads/2015/08/fond-rayures-1sur1.jpg?id=1447) !important;} »][vc_column_inner width= »1/1&Prime;][vc_separator][/vc_column_inner][/vc_row_inner][vc_separator][vc_column_text]<strong>AU FIL DES TOILES</strong></p>
<p>18 mai &gt; 26 août 2019</p>
<p>Commissaires : Anne Liénard (conservatrice et directrice du musée des Beaux-Arts de Limoges) et Maribel Nadal Jové (curatrice)</p>
<p>Exposition collective</p>
<p>Avec</p>
<p>Ronda Bautista<br />
Charlotte Beaudry<br />
Pierre-Charles Jacquemin<br />
Lucile Kessil<br />
Romain Larbre<br />
François Mendras<br />
Federico Miró<br />
Ida Tursic &amp; Wilfried Mille<br />
Marc Molk</p>
<p>Musée des Beaux-Arts de Limoges<br />
1 Place de l’Évêché<br />
87000 Limoges[/vc_column_text][vc_row_inner css= ».vc_custom_1489354211532{border-width: 0px !important;padding: 0px !important;background-image: url(http://www.marcmolk.fr/neo/wp-content/uploads/2015/08/fond-rayures-1sur1.jpg?id=1447) !important;} »][vc_column_inner width= »1/1&Prime;][/vc_column_inner][/vc_row_inner][/vc_column][/vc_row]</p>

<p>[vc_row][vc_column width= »1/3&Prime;][vc_text_separator title= »AU FIL DES TOILES » subtitle= »Musée des Beaux-Arts de Limoges, France, 2019&Prime;][/vc_column][vc_column width= »2/3&Prime; css= ».vc_custom_1489349298908{border-top-width: 0px !important;border-right-width: 0px !important;border-bottom-width: 0px !important;border-left-width: 0px !important;padding-top: 0px !important;padding-right: 0px !important;padding-bottom: 0px !important;padding-left: 0px !important;} »][vc_column_text] [/vc_column_text][vc_separator][vc_row_inner css= ».vc_custom_1489354211532{border-width: 0px !important;padding: 0px !important;background-image: url(http://www.marcmolk.fr/neo/wp-content/uploads/2015/08/fond-rayures-1sur1.jpg?id=1447) !important;} »][vc_column_inner width= »1/1&Prime;][vc_separator][/vc_column_inner][/vc_row_inner][vc_separator][vc_column_text]AU FIL DES TOILES 18 mai &gt; 26 août 2019 Commissaires : Anne Liénard (conservatrice et [&hellip;]</p>
